rs of 212819.
19, 23, 487
List the prime factors of 1150620.
2, 3, 5, 127, 151
List the prime factors of 222288.
2, 3, 11, 421
List the prime factors of 2430709.
23, 105683
List the prime factors of 523533.
3, 47, 79
What are the prime factors of 3372365?
5, 37, 18229
What are the prime factors of 1293999?
3, 7, 43, 1433
What are the prime factors of 228329?
41, 5569
List the prime factors of 29627645.
5, 43, 137803
What are the prime factors of 204339?
3, 68113
List the prime factors of 577094.
2, 7, 41221
What are the prime factors of 1233057?
3, 7, 71, 827
List the prime factors of 320072.
2, 40009
What are the prime factors of 72740?
2, 5, 3637
What are the prime factors of 4731718?
2, 2365859
What are the prime factors of 1139722?
2, 569861
List the prime factors of 388448.
2, 61, 199
What are the prime factors of 2537803?
2537803
What are the prime factors of 7052761?
701, 10061
List the prime factors of 3617763.
3, 1205921
What are the prime factors of 2196255?
3, 5, 146417
List the prime factors of 1165869.
3, 281, 461
List the prime factors of 3668705.
5, 733741
What are the prime factors of 1040886?
2, 3, 7, 11, 751
What are the prime factors of 206299?
206299
List the prime factors of 421759.
13, 32443
What are the prime factors of 12525545?
5, 2505109
What are the prime factors of 9841432?
2, 107, 11497
What are the prime factors of 5863741?
13, 451057
List the prime factors of 604073.
604073
List the prime factors of 1346332.
2, 13, 17, 1523
What are the prime factors of 637645?
5, 127529
List the prime factors of 472130.
2, 5, 31, 1523
List the prime factors of 570036.
2, 3, 67, 709
What are the prime factors of 3827004?
2, 3, 318917
List the prime factors of 534169.
37, 14437
What are the prime factors of 10082801?
307, 32843
What are the prime factors of 351179?
351179
List the prime factors of 83610.
2, 3, 5, 929
What are the prime factors of 56878?
2, 28439
What are the prime factors of 338176?
2, 1321
What are the prime factors of 1575716?
2, 393929
List the prime factors of 30061084.
2, 421, 17851
List the prime factors of 276464.
2, 37, 467
List the prime factors of 4231820.
2, 5, 457, 463
List the prime factors of 952919.
11, 86629
List the prime factors of 1349712.
2, 3, 7, 13, 103
List the prime factors of 21816422.
2, 523, 20857
List the prime factors of 719930.
2, 5, 71993
What are the prime factors of 25246994?
2, 29, 211, 2063
List the prime factors of 1244770.
2, 5, 124477
List the prime factors of 3533083.
691, 5113
What are the prime factors of 22723154?
2, 227, 50051
List the prime factors of 1349746.
2, 47, 83, 173
What are the prime factors of 12529624?
2, 29, 53, 1019
What are the prime factors of 817248?
2, 3, 8513
What are the prime factors of 3072362?
2, 137, 11213
What are the prime factors of 6705919?
11, 41, 14869
List the prime factors of 2478389.
131, 18919
List the prime factors of 36133263.
3, 1338269
List the prime factors of 1088766.
2, 3, 7, 8641
List the prime factors of 9724330.
2, 5, 7, 11, 73, 173
What are the prime factors of 82260?
2, 3, 5, 457
List the prime factors of 11114564.
2, 131, 21211
What are the prime factors of 5267793?
3, 397, 4423
List the prime factors of 2085697.
2085697
What are the prime factors of 5588968?
2, 7, 11, 43, 211
What are the prime factors of 16849208?
2, 37, 56923
List the prime factors of 210416.
2, 13151
What are the prime factors of 7331626?
2, 3665813
List the prime factors of 1438404.
2, 3, 11, 17, 641
What are the prime factors of 1780350?
2, 3, 5, 11, 13, 83
What are the prime factors of 4542231?
3, 37, 151, 271
List the prime factors of 277336.
2, 34667
What are the prime factors of 250029?
3, 13, 2137
List the prime factors of 25411076.
2, 29, 439, 499
List the prime factors of 2659189.
13, 59, 3467
What are the prime factors of 225615?
3, 5, 13, 89
List the prime factors of 169566.
2, 3, 59, 479
List the prime factors of 694981.
7, 101, 983
What are the prime factors of 1074972?
2, 3, 29, 3089
List the prime factors of 386595.
3, 5, 11, 71
List the prime factors of 3417032.
2, 101, 4229
What are the prime factors of 17183603?
17183603
List the prime factors of 8264170.
2, 5, 43, 19219
What are the prime factors of 12451908?
2, 3, 7, 271, 547
List the prime factors of 5427424.
2, 169607
List the prime factors of 185309.
185309
What are the prime factors of 2492241?
3, 83, 10009
What are the prime factors of 2628526?
2, 89, 14767
What are the prime factors of 10035393?
3, 47, 103, 691
List the prime factors of 14735341.
23, 640667
List the prime factors of 4478468.
2, 23, 48679
List the prime factors of 107318.
2, 23, 2333
List the prime factors of 1818784.
2, 11, 5167
What are the prime factors of 15298?
2, 7649
List the prime factors of 2479981.
7, 277, 1279
What are the prime factors of 2417249?
73, 33113
List the prime factors of 261564.
2, 3, 71, 307
List the prime factors of 19583155.
5, 3916631
What are the prime factors of 4183989?
3, 17, 82039
What are the prime factors of 895871?
109, 8219
List the prime factors of 157102.
2, 11, 37, 193
What are the prime factors of 55789?
47, 1187
List the prime factors of 959735.
5, 7, 17, 1613
List the prime factors of 217658.
2, 7, 2221
What are the prime factors of 648621?
3, 24023
List the prime factors of 7718947.
41, 73, 2579
List the prime factors of 2301350.
2, 5, 46027
What are the prime factors of 2062309?
149, 13841
What are the prime factors of 56443?
56443
List the prime factors of 1267206.
2, 3, 127, 1663
What are the prime factors of 542552?
2, 67819
What are the prime factors of 361810?
2, 5, 97, 373
What are the prime factors of 6730159?
6730159
What are the prime factors of 5485107?
3, 311, 5879
What are the prime factors of 14568857?
14568857
What are the prime factors of 9081324?
2, 3, 7, 36037
List the prime factors of 1449863.
1449863
List the prime factors of 242610.
2, 3, 5, 8087
List the prime factors of 4536843.
3, 1512281
List the prime factors of 952871.
281, 3391
What are the prime factors of 169435?
5, 7, 47, 103
List the prime factors of 420193.
420193
List the prime factors of 216095.
5, 11, 3929
List the prime factors of 167696.
2, 47, 223
List the prime factors of 491514.
2, 3, 81919
List the prime factors of 3172467.
3, 1057489
List the prime factors of 9979736.
2, 13, 95959
What are the prime factors of 18028133?
113, 159541
What are the prime factors of 11203?
17, 659
What are the prime factors of 6185105?
5, 37, 67, 499
List the prime factors of 653924.
2, 163481
What are the prime factors of 358951?
358951
What are the prime factors of 3329452?
2, 7, 16987
List the prime factors of 1145518.
2, 11, 52069
List the prime factors of 19801428.
2, 3, 271, 6089
List the prime factors of 20719365.
3, 5, 1381291
List the prime factors of 500033.
47, 10639
What are the prime factors of 626537?
233, 2689
List the prime factors of 5740824.
2, 3, 239201
What are the prime factors of 422882?
2, 211441
What are the prime factors of 37875?
3, 5, 101
What are the prime factors of 92502?
2, 3, 571
What are the prime factors of 1546108?
2, 43, 89, 101
List the prime factors of 5656010.
2, 5, 109, 5189
List the prime factors of 501745.
5, 23, 4363
List the prime factors of 2128005.
3, 5, 11, 1433
List the prime factors of 935719.
935719
List the prime factors of 152179.
31, 4909
List the prime factors of 2601772.
2, 61, 10663
What are the prime factors of 611024?
2, 38189
List the prime factors of 13581511.
13581511
List the prime factors of 783721.
783721
What are the prime factors of 235111?
235111
What are the prime factors of 678360?
2, 3, 5, 5653
List the prime factors of 23278848.
2, 3, 17, 1783
What are the prime factors of 3536265?
3, 5, 235751
What are the prime factors of 854311?
29, 89, 331
What are the prime factors of 5791740?
2, 3, 5, 83, 1163
List the prime factors of 239407.
7, 23, 1487
List the prime factors of 954702.
2, 3, 7, 7577
What are the prime factors of 628813?
17, 47, 787
What are the prime factors of 1216457?
11, 110587
List the prime factors of 4062096.
2, 3, 9403
What are the prime factors of 37102?
2, 13, 1427
List the prime factors of 13248675.
3, 5, 11, 53, 101
List the prime factors of 315916.
2, 78979
List the prime factors of 280864.
2, 67, 131
Li